{"id":131,"date":"2026-01-31T10:11:41","date_gmt":"2026-01-31T09:11:41","guid":{"rendered":"https:\/\/www.clubinformatiquegennois.fr\/?page_id=131"},"modified":"2026-01-31T15:58:09","modified_gmt":"2026-01-31T14:58:09","slug":"visa-numerique-bretagne","status":"publish","type":"page","link":"https:\/\/www.clubinformatiquegennois.fr\/index.php\/visa-numerique-bretagne\/","title":{"rendered":"Visa num\u00e9rique"},"content":{"rendered":"\n<h2 class=\"wp-block-heading has-theme-palette-1-color has-text-color has-link-color wp-elements-e1355316373cf82c83cad474ceea29c2\">Vous avez besoin d\u2019aide pour utiliser vos outils num\u00e9riques ? Faites-vous accompagner par un m\u00e9diateur !<\/h2>\n\n\n\n<p>Que ce soit pour g\u00e9rer vos mails, sauvegarder vos photos, communiquez avec vos proches, pr\u00e9voir un d\u00e9placement\u2026 les m\u00e9diateurs et m\u00e9diatrices du r\u00e9seau Visa Num\u00e9rique Bretagne sauront vous proposer un parcours adapt\u00e9 en choisissant les modules correspondant \u00e0 vos besoins et \u00e0 votre rythme.<\/p>\n\n\n\n<h2 class=\"wp-block-heading has-theme-palette-1-color has-text-color has-link-color wp-elements-3105d5c644e3001eade585ba4567db5b\">Le r\u00e9seau Visa Num\u00e9rique Bretagne<\/h2>\n\n\n\n<p>Le r\u00e9seau du Visa Num\u00e9rique Bretagne est compos\u00e9 de plus de 70 structures publiques et priv\u00e9es proposant des accompagnements aux usages num\u00e9riques gratuits sous diff\u00e9rents formats. En collectif ou en individuel, sur rendez-vous ou en acc\u00e8s libre, renseignez-vous aupr\u00e8s de notre partenaire le plus proche de chez vous pour conna\u00eetre leurs modalit\u00e9s d\u2019accueil.<\/p>\n\n\n\n<h2 class=\"wp-block-heading has-theme-palette-1-color has-text-color has-link-color wp-elements-d9c0c545bedbff4330a440fe28368683\">Le Club Informatique Gennois<\/h2>\n\n\n\n<p>Le Club Informatique Gennois (CIG) fait parti des structures proposant des accompagnements aux usages num\u00e9riques avec l&rsquo;aide de 3 m\u00e9diateurs Visa num\u00e9rique<\/p>\n\n\n\n<p>N&rsquo;h\u00e9sitez pas \u00e0 nous contacter pour toute information<\/p>\n\n\n\n<div class=\"wp-block-buttons is-layout-flex wp-block-buttons-is-layout-flex\">\n<div class=\"wp-block-button\"><a class=\"wp-block-button__link wp-element-button\" href=\"https:\/\/www.clubinformatiquegennois.fr\/index.php\/contact\/\">Contactez-nous<\/a><\/div>\n<\/div>\n\n\n\n<p>Plus d&rsquo;informations sur le Visa Num\u00e9rique Bretagne : <a href=\"https:\/\/www.bretagne.bzh\/actualites\/visa_numerique\/\">https:\/\/www.bretagne.bzh\/actualites\/visa_numerique\/<\/a><\/p>\n\n\n\n<figure class=\"wp-block-image size-full is-resized\"><img loading=\"lazy\" decoding=\"async\" width=\"226\" height=\"223\" src=\"https:\/\/www.clubinformatiquegennois.fr\/wp-content\/uploads\/2026\/01\/images.png\" alt=\"\" class=\"wp-image-139\" style=\"width:62px;height:auto\"\/><\/figure>\n\n\n\n<p><\/p>\n","protected":false},"excerpt":{"rendered":"<p>Vous avez besoin d\u2019aide pour utiliser vos outils num\u00e9riques ? Faites-vous accompagner par un m\u00e9diateur ! Que ce soit pour g\u00e9rer vos mails, sauvegarder vos photos, communiquez avec vos proches,&#8230;<\/p>\n","protected":false},"author":2,"featured_media":0,"parent":0,"menu_order":0,"comment_status":"closed","ping_status":"closed","template":"","meta":{"_kad_post_transparent":"","_kad_post_title":"hide","_kad_post_layout":"","_kad_post_sidebar_id":"","_kad_post_content_style":"","_kad_post_vertical_padding":"","_kad_post_feature":"","_kad_post_feature_position":"","_kad_post_header":false,"_kad_post_footer":false,"_kad_post_classname":"","footnotes":""},"class_list":["post-131","page","type-page","status-publish","hentry"],"_links":{"self":[{"href":"https:\/\/www.clubinformatiquegennois.fr\/index.php\/wp-json\/wp\/v2\/pages\/131","targetHints":{"allow":["GET"]}}],"collection":[{"href":"https:\/\/www.clubinformatiquegennois.fr\/index.php\/wp-json\/wp\/v2\/pages"}],"about":[{"href":"https:\/\/www.clubinformatiquegennois.fr\/index.php\/wp-json\/wp\/v2\/types\/page"}],"author":[{"embeddable":true,"href":"https:\/\/www.clubinformatiquegennois.fr\/index.php\/wp-json\/wp\/v2\/users\/2"}],"replies":[{"embeddable":true,"href":"https:\/\/www.clubinformatiquegennois.fr\/index.php\/wp-json\/wp\/v2\/comments?post=131"}],"version-history":[{"count":6,"href":"https:\/\/www.clubinformatiquegennois.fr\/index.php\/wp-json\/wp\/v2\/pages\/131\/revisions"}],"predecessor-version":[{"id":143,"href":"https:\/\/www.clubinformatiquegennois.fr\/index.php\/wp-json\/wp\/v2\/pages\/131\/revisions\/143"}],"wp:attachment":[{"href":"https:\/\/www.clubinformatiquegennois.fr\/index.php\/wp-json\/wp\/v2\/media?parent=131"}],"curies":[{"name":"wp","href":"https:\/\/api.w.org\/{rel}","templated":true}]}}